{"id":39,"date":"2020-11-27T13:20:12","date_gmt":"2020-11-27T13:20:12","guid":{"rendered":"http:\/\/bcbaschablais.com\/maintenance_page.html\/?page_id=39"},"modified":"2025-06-17T20:52:39","modified_gmt":"2025-06-17T20:52:39","slug":"nouveau-site-en-construction","status":"publish","type":"page","link":"https:\/\/bcbaschablais.com\/","title":{"rendered":"Bienvenue au club !"},"content":{"rendered":"\n<hr class=\"wp-block-separator has-alpha-channel-opacity\"\/>\n\n\n\n<h2 class=\"wp-block-heading has-vivid-purple-color has-text-color\" style=\"font-size:35px;font-style:normal;font-weight:400;text-transform:none\">Le BCBC, club passionn\u00e9 et d\u00e9termin\u00e9.<\/h2>\n\n\n\n<p><\/p>\n\n\n\n<p><\/p>\n\n\n\n<p style=\"font-size:23px\">Le club, <strong>fond\u00e9 en 1989<\/strong>, compte d\u00e9sormais plus de <strong>200 licenci\u00e9s<\/strong>. Le BCBC offre un soutien et partage la passion du basket en comp\u00e9tition et en loisir <strong>pour les filles et les gar\u00e7ons \u00e0 partir de U9.<\/strong><\/p>\n\n\n\n<p><\/p>\n\n\n\n<figure class=\"wp-block-video\"><video controls src=\"https:\/\/bcbaschablais.com\/wp-content\/uploads\/2025\/04\/WhatsApp-Video-2025-04-22-a-12.32.48_333423dd.mp4\"><\/video><\/figure>\n\n\n\n<p>Pr\u00eates \u00e0 enflammer le terrain ?<br>Le BC Bas Chablais recrute des joueuses passionn\u00e9es pour la saison prochaine ! Si tu aimes le basket, l&rsquo;esprit d&rsquo;\u00e9quipe et les d\u00e9fis, rejoins-nous pour vivre des moments inoubliables.<br>Que tu sois d\u00e9butante ou confirm\u00e9e, tu as ta place parmi nous !<br>Alors, n&rsquo;h\u00e9site plus et viens faire partie de l&rsquo;aventure BCBC. Ensemble, nous allons viser les sommets ! \u2728<\/p>\n\n\n\n<p style=\"font-size:23px\">Nous accordons une grande importance \u00e0 nos jeunes sportifs et nous nous engageons \u00e0 leur offrir un encadrement et une formation de basket-ball de qualit\u00e9. Notre objectif est de les aider \u00e0 s&rsquo;\u00e9panouir sur le plan sportif.<\/p>\n\n\n\n<figure class=\"wp-block-image size-large\"><img loading=\"lazy\" decoding=\"async\" width=\"724\" height=\"1024\" src=\"https:\/\/bcbaschablais.com\/wp-content\/uploads\/2025\/04\/recrutement-BCBC1-2-724x1024.png\" alt=\"\" class=\"wp-image-1081\" srcset=\"https:\/\/bcbaschablais.com\/wp-content\/uploads\/2025\/04\/recrutement-BCBC1-2-724x1024.png 724w, https:\/\/bcbaschablais.com\/wp-content\/uploads\/2025\/04\/recrutement-BCBC1-2-212x300.png 212w, https:\/\/bcbaschablais.com\/wp-content\/uploads\/2025\/04\/recrutement-BCBC1-2-768x1086.png 768w, https:\/\/bcbaschablais.com\/wp-content\/uploads\/2025\/04\/recrutement-BCBC1-2-1086x1536.png 1086w, https:\/\/bcbaschablais.com\/wp-content\/uploads\/2025\/04\/recrutement-BCBC1-2.png 1414w\" sizes=\"auto, (max-width: 724px) 100vw, 724px\" \/><\/figure>\n\n\n\n<div style=\"height:69px\" aria-hidden=\"true\" class=\"wp-block-spacer\"><\/div>\n\n\n\n<p><\/p>\n","protected":false},"excerpt":{"rendered":"<p>Le BCBC, club passionn\u00e9 et d\u00e9termin\u00e9. Le club, fond\u00e9 en 1989, compte d\u00e9sormais plus de 200 licenci\u00e9s. Le BCBC offre un soutien et partage la passion du basket en comp\u00e9tition et en loisir pour les filles et les gar\u00e7ons \u00e0 partir de U9. Pr\u00eates \u00e0 enflammer le terrain ?Le BC Bas Chablais recrute des joueuses [&hellip;]<\/p>\n","protected":false},"author":1,"featured_media":0,"parent":0,"menu_order":0,"comment_status":"closed","ping_status":"closed","template":"","meta":{"footnotes":""},"class_list":["post-39","page","type-page","status-publish","hentry"],"_links":{"self":[{"href":"https:\/\/bcbaschablais.com\/index.php\/wp-json\/wp\/v2\/pages\/39","targetHints":{"allow":["GET"]}}],"collection":[{"href":"https:\/\/bcbaschablais.com\/index.php\/wp-json\/wp\/v2\/pages"}],"about":[{"href":"https:\/\/bcbaschablais.com\/index.php\/wp-json\/wp\/v2\/types\/page"}],"author":[{"embeddable":true,"href":"https:\/\/bcbaschablais.com\/index.php\/wp-json\/wp\/v2\/users\/1"}],"replies":[{"embeddable":true,"href":"https:\/\/bcbaschablais.com\/index.php\/wp-json\/wp\/v2\/comments?post=39"}],"version-history":[{"count":61,"href":"https:\/\/bcbaschablais.com\/index.php\/wp-json\/wp\/v2\/pages\/39\/revisions"}],"predecessor-version":[{"id":1102,"href":"https:\/\/bcbaschablais.com\/index.php\/wp-json\/wp\/v2\/pages\/39\/revisions\/1102"}],"wp:attachment":[{"href":"https:\/\/bcbaschablais.com\/index.php\/wp-json\/wp\/v2\/media?parent=39"}],"curies":[{"name":"wp","href":"https:\/\/api.w.org\/{rel}","templated":true}]}}